t of 42/21*(-106)/q?
3
Let m = 4470 + -1633. What is the units digit of m?
7
Let f be 2/11 + 5769/33. Suppose -3*h + 12 = -0. Suppose h*u + u - f = 0. What is the units digit of u?
5
Let l = -506 + 525. Suppose f + 3*g + 0 = l, 0 = 4*f - g - 115. What is the tens digit of f?
2
Suppose -9*r + 2061 = -6*r. Suppose 0 = -7*c + 4*c + r. Suppose -5*q - 69 = -c. What is the units digit of q?
2
Let z be (11 - 1)*(-2)/(-10). Let i be z/(-8) - (17325/(-20) - 4). Suppose i = 25*b - 20*b. What is the hundreds digit of b?
1
Let d = 853 + -184. Suppose 1508 = 3*h - 4*x, h - 3*x + 2*x = 504. Suppose 11*p = d + h. What is the tens digit of p?
0
Suppose -28*i + 26*i - 6 = 0. Let n(j) = j**3 + 7*j**2 + 2*j. Let a be n(i). Suppose a*s = 25*s + 830. What is the tens digit of s?
6
What is the thousands digit of (420174/36)/(33/88)?
1
Let n be (-10)/(-45)*3*-12. What is the hundreds digit of n/6*1/(8/(-2484))?
4
Suppose 87 + 1470 = 9*u. Let k = u - -139. What is the tens digit of k?
1
Let n be 3012 + -1 + -2 + 6. Let w = 890 + n. What is the tens digit of (3/(-15))/((-11)/w)?
7
Suppose 6*g + 161 = 13*g. Suppose 5*h - 3*t - 1511 = 0, g = 2*t + 27. What is the tens digit of h?
0
Suppose 2*z = -5*z - 357. Let o = z + 69. Suppose o = 2*t + 2. What is the units digit of t?
8
Let v(g) = -19*g**3 + 443*g**2 - 8*g - 11. What is the tens digit of v(23)?
7
Suppose 5*d + 165 - 180 = 0, -s + 4*d + 10021 = 0. What is the units digit of s?
3
Suppose -67*o + 220377 + 1723564 = 15078. What is the ten thousands digit of o?
2
Let w(z) = z**3 + 6*z**2 + 4*z + 9. Let x be w(8). Suppose -3*c - 13*l = -8*l - x, -626 = -2*c - 4*l. What is the units digit of c?
9
What is the tens digit of 5 + -12 + 12 - (-19106)/1?
1
What is the tens digit of 5227695/145 + 16 + 2/(-29) + 3?
7
Let m(a) = -107*a**3 - a**2 - 29*a + 79. What is the thousands digit of m(-7)?
6
Let i(n) = 52*n**2 - 25*n + 17. What is the units digit of i(-8)?
5
Suppose 5*w = -5*q - 3 + 8, -11 = w - 3*q. Let y be (-22 - -17)*(26/(-10) - w). Suppose -7*d + 134 = -y*d + 5*n, 126 = 4*d + n. What is the units digit of d?
1
Let z(h) = -h**3 + 3*h**2 + 2*h + 11. Let k be z(4). What is the tens digit of (k/4)/((-7)/(-5068))?
4
Let y(a) = -3*a**3 - 21*a**2 - a - 1293. Let s(p) = p**3 + 5*p**2 + 323. Let q(x) = 9*s(x) + 2*y(x). What is the units digit of q(0)?
1
Let i(t) = -t**2 + 14*t - 35. Let w be i(10). Suppose -w*u + 5 = 0, -5*r + 105 = -r + u. Suppose r*x = 31*x - 235. What is the units digit of x?
7
Let m(a) = 4*a - 36. Let u be m(10). What is the tens digit of (-8)/4*u/((-20)/325)?
3
Let a(s) = -s**3 + 86*s**2 + 132*s - 516. What is the tens digit of a(86)?
3
Suppose -11453 = -124*s + 111*s. Let m = 893 + s. What is the units digit of m?
4
Let d(f) = 204*f - 168. What is the tens digit of d(30)?
5
Let s(r) = -r**2 - 9*r - 8. Let a be s(-5). Suppose -24080 = 13*d - a*d. What is the tens digit of (-1)/3 - (d/21)/8?
4
Let v(b) = 237*b**3 - b**2 + 17*b - 12. What is the hundreds digit of v(5)?
6
Suppose -2*c - c - 11*n = -40883, -4*c + 54401 = -n. What is the ten thousands digit of c?
1
Let p = 49444 - -1714. What is the ten thousands digit of p?
5
What is the ten thousands digit of (12 + 318204/(-16))*(16/(-6) + 0)?
5
Let t(n) = -3*n**3 - 22*n**2 + 64*n + 10. What is the hundreds digit of t(-21)?
7
Let b be -1*((-1382)/7 + (-30)/(-70)). Let f = b - 113. Suppose f = 9*o - 6*o. What is the tens digit of o?
2
Let t(y) = 8*y + 3. Let j be 5/50 - (-3)/(-30). Let r be t(j). Suppose o + 4*x - 189 = 0, r*o + 3*x - 611 = 2*x. What is the tens digit of o?
0
Let p(i) = -14*i**3 - 2*i**2 + 6*i + 4. Let y = 10 + -12. Let l be -2 + 4 + -1 + y + -1. What is the units digit of p(l)?
6
Let g = -25859 - -30469. What is the hundreds digit of g?
6
Let a be (-3*16/(-36))/(2/(-3)). What is the units digit of a/9 + 1869/27?
9
Let s(r) = -10*r**3 + 5*r**2 + 59*r - 360. What is the ten thousands digit of s(-12)?
1
Let s be 1/(-7) + 9 + 453820/70. Suppose 21*q - s - 1404 = 0. What is the units digit of q?
6
Suppose 2*f + 4 = 3*f. Let o(u) = -74*u + 68. Let h be o(-4). Suppose 4*a - h = -f*p, -2*p - 2*p + 366 = 5*a. What is the units digit of p?
9
Let g(k) = -2*k**3 + 42*k**2 + 11*k - 114. What is the thousands digit of g(15)?
2
Let c = 138 - 113. Suppose -2*n + 19 = c. What is the hundreds digit of 12/n + (1 - -196)?
1
Suppose 121 + 1704 = 3*y - 28*y. Suppose -5*t = -3*w + 615, -2*t - 398 = t + 4*w. Let x = y - t. What is the units digit of x?
3
Let s(m) = -m**3 + 68*m**2 - 50*m - 38. What is the units digit of s(-24)?
4
Let j(h) = 9*h**2 + 10*h - 6. Let b be j(-6). Let w = -122 + 14. Let m = b + w. What is the units digit of m?
0
Suppose 3*g - 3*x - 1 = 11, 4 = 3*g - x. What is the units digit of (-2 - (g + 1))/(6/(-1076))?
8
Suppose -260 + 32 = -57*m. Suppose m*k - 5971 = -j, 15*j = 17*j + 10. What is the tens digit of k?
9
Suppose 266 + 1332 = 17*i. Suppose i = 2*s - 534. What is the units digit of s?
4
Let b(t) = 71*t**2 + 89*t + 32. What is the thousands digit of b(7)?
4
Let d(l) = -28*l - 12. Suppose 4*p = 117 + 223. Let x = p - 90. What is the tens digit of d(x)?
2
Suppose 171*p - 221*p + 63300 = 0. What is the thousands digit of p?
1
Suppose g + 5*p = -0*g - 341, -5*g + 4*p = 1792. Let j be -1 + g/8*-2. Suppose -2*a = -3*d - j, 5*a - 5*d + 94 = 304. What is the tens digit of a?
3
Suppose 0 = -94*y + 80*y + 84. What is the tens digit of 17/34 + 147/y + 0?
2
Let p be 6/(-9) + (2 - 2/(-3)). Suppose p*z - 2*c + 0*c = 10, 2*c + 14 = 3*z. What is the tens digit of -1 + 1*8/z - -86?
8
Let k = -491 - 94. Let c = k + 832. What is the units digit of c?
7
Let w(g) = -720*g - 1040. What is the units digit of w(-13)?
0
Suppose 0 + 0 = 24*d. Suppose -2*t + 4*s - 8*s + 464 = d, -2*t - 5*s + 469 = 0. What is the hundreds digit of t?
2
Suppose -84 - 92 = 2*m + 4*p, -3*p - 84 = m. Let x be (-448)/(-210) + 2 + m/45. Suppose -c = 5*a + 3*c - 1092, 0 = 4*a + x*c - 876. What is the tens digit of a?
2
Let y(f) be the third derivative of -f**6/60 - f**5/60 - f**4/24 + 19*f**3/6 - 46*f**2. What is the units digit of y(-8)?
7
Let v = -4717 + 8193. What is the tens digit of v?
7
Let r(a) = 12*a**2 - 2*a + 2. Let u be r(1). Suppose 6*k + 24 = u*k. Suppose 20 = k*x - 4. What is the units digit of x?
6
Let w(d) = -43*d + 206. Let o(p) = -43*p + 204. Let q(g) = -5*o(g) + 6*w(g). What is the tens digit of q(-18)?
9
Let g(d) = d**3 + 3*d**2 - 6*d - 14. Let k be g(-3). Suppose -2*j + 3619 = k*x - 7*j, -5*x + 2*j = -4511. What is the tens digit of x?
0
Suppose 206*n - 72*n = 83348. What is the hundreds digit of n?
6
Let w(c) = 11*c - 83. Let q be w(15). Suppose q = -3*l + 358. What is the tens digit of l?
9
Suppose 85705 = 50*q - 44945. What is the thousands digit of q?
2
Let m be 990 + (4 + 0 - -1). Let t = m + -688. What is the units digit of t?
7
What is the units digit of -1*3/2*(-2178426)/171?
9
Suppose 20*k - 22*k = -8. Suppose -128 = k*g + 5*l + 52, l = -5*g - 204. Let y = g + 73. What is the units digit of y?
3
Let o(v) be the second derivative of 8*v**3 - v**2 + 231*v - 2. Let g be ((-4)/3)/(4/(-6)). What is the tens digit of o(g)?
9
Let s(h) = -1235*h**3 + 6*h**2 + 13*h + 4. What is the hundreds digit of s(-2)?
8
Let h(u) = -11*u**3 - 9*u**2 + u - 462. What is the thousands digit of h(-18)?
0
Let q(s) = 139*s + 2*s**2 - 1 - 132*s - 21*s**3 + 0*s**2. Let y be q(-3). Let u = y - 366. What is the hundreds digit of u?
1
Suppose -2*o = m - 8, o - 13 = -2*m - 2*o. Suppose -5*c = m*g - 1700, g - 1363 = -c - 3*c. What is the units digit of c?
2
Let f = 1337 + -1294. What is the units digit of f?
3
Suppose -2*w + 4*m + 80 = 0, -3*m = -3*w + m + 124. Suppose 9*j - 13*j = w. What is the units digit of (-15)/((-10)/j + 2 + -3)?
5
Let t = -6522 - -11760. What is the thousands digit of t?
5
Suppose -2*f + 5 = -7*f. Let k = f - -3. Suppose k*q - 48 - 44 = 0. What is the tens digit of q?
4
Suppose 326 + 181 = -x. Let t be -2*3/18*x. Suppose 5*o = 266 + t. What is the units digit of o?
7
Let d(p) = 233*p - 7708. What is the tens digit of d(54)?
7
Suppose 64 + 11 = 15*m. Let s(i) = i**3 - 2*i**2 + 4*i + 6. What is the hundreds digit of s(m)?
1
Suppose -5*u - 4*a = -9*a - 136725, -3*u + 82041 = -4*a. What is the hundreds digit of u?
3
Let q(i) = 305*i**2 + 8*i - 59. What is the tens digit